 Let q(l) = -11*l**3 - 51*l**2 - 6*l + 22. Let d(k) = 8*i(k) - 3*q(k). What are the prime factors of d(-16)?
2, 107
Suppose -5*q - 2*b + 6 = -0*b, 3*q - 5*b + 15 = 0. Suppose 0 = -x + 5, 3*v - x - 1 = -q. What are the prime factors of v?
2
What are the prime factors of (-4)/38 - (-520780)/988?
17, 31
Suppose 0 = -4*a - 3651 + 879. Let d = a + 1173. Suppose -4*p - d = -4*u, 6*p + 480 = 4*u + 3*p. What are the prime factors of u?
2, 3, 5
Let b(k) = 18*k**2 + k - 9. Suppose 3*l + 4 = -i - 16, 0 = -5*i + 5*l. What are the prime factors of b(i)?
2, 109
Suppose -75*y + 1085189 = -53686. List the prime factors of y.
5, 3037
Suppose 0 = -56*d - 77*d + 1234107. List the prime factors of d.
3, 1031
Suppose -o - 5*v = 129 + 8, -4*o + 2*v = 614. Let p = o - -157. Suppose 5*h = -2*y + 1385, h = -p*y + 3*y + 285. List the prime factors of h.
5, 11
What are the prime factors of -5 + 2694 + (-308)/44?
2, 3, 149
Let k = 3578 - 1463. What are the prime factors of k?
3, 5, 47
Suppose 3*n - 33903 = -86*v + 84*v, n = -3. List the prime factors of v.
2, 3, 157
Let z(l) = 3*l**2 - 4*l - 4. Let y be z(-1). Suppose 0 = -y*s - 10*s + 15717. List the prime factors of s.
3, 13, 31
Suppose -5*f = -3*f. Suppose f = -9*n + 177 + 93. Let x = n - 19. List the prime factors of x.
11
Let v(o) be the second derivative of -o**5/20 - o**4/3 + o**3 + 3*o**2/2 - 13*o. Let j be v(-3). What are the prime factors of -1*-358*4*(-3)/j?
179
Suppose 39*t + 814351 = 2223226. What are the prime factors of t?
5, 17
Suppose -74 = -2*d + u, 3*d + 6*u - 118 = 4*u. Suppose -2*i + 472 = d. What are the prime factors of i?
7, 31
Suppose q + 0*q - 12 = 0. Let t(s) = 39*s - 23. Let z be t(q). Suppose 5*g + 0*g = z. What are the prime factors of g?
89
Let b(c) be the first derivative of c**4/4 + c**3/3 + 4*c**2 - 12*c + 2. What are the prime factors of b(6)?
2, 3
Suppose 0 = 2*h - 3*a - 8376, -2*h - 4*a + 5755 + 2593 = 0. List the prime factors of h.
2, 3, 17, 41
Let f(a) = -21*a + 4. Suppose 0 = -3*o + 96 - 144. What are the prime factors of f(o)?
2, 5, 17
Let o = -25707 + 49077. List the prime factors of o.
2, 3, 5, 19, 41
Let b = 166 + -163. Let z(q) = 274*q - 2. What are the prime factors of z(b)?
2, 5, 41
Let t(j) = j**2 + 3*j + 5. Let m be t(-3). Suppose m*b - 3*q = 4*b + 373, 0 = b - 4*q - 377. List the prime factors of b.
19
Let u(f) = -8 + 3 - 36*f + f**2 - 995*f**3 - 2*f**2 + 31*f. List the prime factors of u(-1).
2, 7, 71
Let i(a) = a**2 + a - 2. Let j(d) = d**3 - 23*d**2 - 26*d + 43. Let r(n) = -5*i(n) - j(n). What are the prime factors of r(19)?
5
Let m(d) = 164*d**3 - 6*d**2 - 53*d + 283. List the prime factors of m(6).
17, 2069
Let k(b) = -4*b + 117. Let c be k(23). Suppose -1375 = -2*z - c. List the prime factors of z.
3, 5
Let j(o) = o**3 + 14*o**2 + o + 13. Suppose 10*h - 12 = 14*h, 56 = -4*s - 4*h. List the prime factors of j(s).
5, 73
Let w = -409 + 387. Suppose -5*y = -106 - 89. Let j = y - w. List the prime factors of j.
61
Suppose 465 = 4*c - z - 569, c - 3*z - 275 = 0. What are the prime factors of c?
257
Let q(h) = 933*h - 523. What are the prime factors of q(2)?
17, 79
Let d(i) = -402*i - 89. Let o be d(-3). What are the prime factors of o + (18/(-42) - 24/(-7))?
2, 5, 7
Suppose -3*g + 2*m + 19 = 0, 5*g - 4*m - 23 = 4*g. Suppose 3*s = 3*c + 3111, 3*s = 5*c - g*c + 3112. List the prime factors of s.
2, 3, 173
Let u(l) = l**2 - 82*l - 3555. What are the prime factors of u(-83)?
2, 3, 5, 13
Suppose 2*y - 516 = -154. Suppose y = -2*d + 437. What are the prime factors of d?
2
Suppose -11*t + 12 - 1 = 0. List the prime factors of t/(-2)*(-26 + -1090).
2, 3, 31
Let s(v) = -7*v + 32 + 6 + 11*v**2 - 6 - 10 + 36*v**2. List the prime factors of s(6).
2, 11, 19
Let s(r) = 20*r - 37. Suppose 4*k = -3*b - 2*b + 11, -b - 17 = -4*k. Suppose 2*h - 4*c = 0, 3*c - 39 = -k*h - 2*c. What are the prime factors of s(h)?
83
Let y be 7*(2 - 1) + 1 + -3. Suppose 429 = -y*c + 149. Let q = 76 - c. What are the prime factors of q?
2, 3, 11
Suppose 36 = 46*v - 28*v. List the prime factors of (-585018)/(-798) - v/19.
733
Let f = -62 + 215. Let c = f + -79. Let m = c + 4. What are the prime factors of m?
2, 3, 13
Let n = 35 + -164. Let f be 18/27*n/(-2). Let o = f + 11. What are the prime factors of o?
2, 3
Let z = -403 - -698. Let y(p) = -2*p**3 - 5*p**2 - 3*p + 7. Let f be y(-5). Suppose 2*u + w - z = -2*u, -w + f = 2*u. List the prime factors of u.
2, 37
Let j be 0/(-1) + 88/(-22). Let a(o) = -6*o**3 - 5*o**2 - 8*o - 10. What are the prime factors of a(j)?
2, 163
List the prime factors of (-1218283)/(-33) + -11 - ((-16)/12 - -2).
2, 3, 6151
Suppose 2*q + 4*w + 15 = 1, 2*w = -3*q - 1. Let c be 4250/30 + 1/q. Suppose 5*j - c + 57 = 0. List the prime factors of j.
17
Suppose 0 = -5*d - 20, 2*g - 10*d - 124544 - 25824 = 0. What are the prime factors of g?
2, 19, 23, 43
Suppose 0 = -f - 11 + 10. List the prime factors of (-795)/(-4) + f/(-4).
199
Let o be (4616/(-12))/((-10)/45). Let g = -93 + o. List the prime factors of g.
2, 3, 7, 13
Let f be (148/(-6))/((-90)/(-2295)). What are the prime factors of f/(2*(-2)/12)?
3, 17, 37
Let i(y) = y + 1. Let n(l) = 36*l + 4. Let b = 102 + -106. Let r(g) = b*i(g) + 2*n(g). What are the prime factors of r(3)?
2, 13
Suppose 170938 = 5*k + 2*r, -2*k - 8*r + 68326 = r. List the prime factors of k.
2, 5, 13, 263
Suppose 5*r - 8804 = -2*o, 2*r - 1160 - 2349 = -5*o. Suppose 7*b - 8*b - f + 877 = 0, -2*b + 2*f = -r. What are the prime factors of b?
3, 293
Let q be 4 - (1/(-2))/(8/16). Suppose -2*j - 126 = -o, -4*o + q*j + 381 = -o. List the prime factors of o.
2, 3, 11
What are the prime factors of (116403/(-42))/23*-302?
151, 241
Let a(z) = 105*z**3 - 2*z**2 + 39*z + 21. List the prime factors of a(4).
5, 1373
Suppose 20*v - c = 24*v - 570, 4*v - 560 = 4*c. What are the prime factors of -3 + -1*v*225/(-30)?
2, 3, 59
Let x be (-4)/24*-22 + 3/9. Let m(u) = -x + 1 - 18*u - 5. What are the prime factors of m(-8)?
2, 17
Let a(w) = -w**2 - 18*w + 21. Let o be a(-19). Suppose -o*c + 205 = 43. Suppose -3*j - 46 = -2*v + 37, -2*v + j = -c. What are the prime factors of v?
2, 5
Let n be (10/(-4) + 5)/(2/4). Suppose -3*u + 122 = -4*x, -3*u - u = n*x - 173. What are the prime factors of u?
2, 3, 7
Suppose -3*g + 3*z = -25074, -18561 - 6489 = -3*g - 3*z. List the prime factors of g.
2, 4177
Let q(x) = 282*x + 7174. List the prime factors of q(-20).
2, 13, 59
Let f = 1573 + 584. List the prime factors of f.
3, 719
Suppose r - d - 12540 = 0, -62694 = -5*r + 4*d - 5*d. What are the prime factors of r?
12539
Let l = -194 + 2645. What are the prime factors of l?
3, 19, 43
Let u be (-6)/18*327*(-2 + 3). What are the prime factors of (-15 - -13)*(2 + -1)*u?
2, 109
Let o(m) = m**3 - 24*m**2 - 160*m - 11. Suppose -15*i + 286 + 164 = 0. What are the prime factors of o(i)?
19, 31
Let j = -37257 + 62463. List the prime factors of j.
2, 3, 4201
Let c(r) = 59*r**2 - 27*r - 1027. List the prime factors of c(31).
5, 11, 997
Let s(i) = 80*i**2 + 27*i - 111. What are the prime factors of s(-12)?
3, 5, 739
Let f = 44165 + -28433. What are the prime factors of f?
2, 3, 19, 23
Let b(w) = -w**3 - 32*w**2 - 191*w + 229. List the prime factors of b(-39).
5, 733
Let o be (-2 + 4)/((-21)/(-8043)). Suppose -3*t + 782 = 2*n, o = 3*t - 0*n - 2*n. What are the prime factors of t?
2, 3, 43
Let h(t) be the first derivative of -3*t**2 + t - 16. Let d be h(-13). Suppose 0 = 4*z - 77 - d. List the prime factors of z.
3, 13
Let w be (-4)/(-6) - 13856/(-6). Let z be -4*(-1)/4*0. Suppose i + 10*i - w = z. List the prime factors of i.
2, 3, 5, 7
What are the prime factors of 4626960/(-312)*2/(-4)?
5, 1483
Let p(k) = -82*k**3 - 10*k**2 + 69*k - 3. List the prime factors of p(-10).
3, 8923
What are the prime factors of (2 - 21644/(-49))/((-4)/(-112)) - 4?
2, 3, 5, 23
Let f(s) = -17*s + 77. Let n be f(5). What are the prime factors of (-4856)/n + 6 + 6?
619
Suppose -106*d = 10*d - 794334 - 343046. List the prime factors of d.
5, 37, 53
Suppose -2*n = 4*s - 4, 0*n - 5*n + 10 = 5*s. Let t be 1 - (2 + (-2 - n)). Suppose t*v + 9*v = 1392. What are the prime factors of v?
2, 29
Let d(p) = -244*p - 9 - 66*p - 54*p - 38*p + 26. List the prime factors of d(-1).
419
Suppose -1144 = -4*r + 4*g + 72, -4*g = 3*r - 919. Let w(o) = 3*o**3 